b3
1094763 (base 13) to base 6
301102530
Convert 114745 (base 10) to base 9.
184354
What is 100111100011110001101010 (base 2) in base 6?
1010133550
What is 164150 (base 7) in base 14?
bc97
-8b0b (base 12) to base 7
-62645
715762 (base 9) to base 5
102033142
Convert 101021113230 (base 4) to base 15.
5dbc03
8332766 (base 9) to base 2
10000111110100010001011
Convert 10010000000001111000 (base 2) to base 8.
2200170
What is 13134251 (base 6) in base 3?
210222022211
11401433 (base 6) to base 9
605163
Convert -1344 (base 7) to base 4.
-20022
-1242531 (base 6) to base 9
-113271
What is -1200221000022 (base 3) in base 12?
-377168
What is -19783 (base 13) in base 15?
-ea84
What is 4155125 (base 7) in base 10?
501191
What is 5420167 (base 9) in base 13?
7aa028
What is 155663 (base 10) in base 5?
14440123
1010100100000010 (base 2) to base 9
65313
Convert 6271407 (base 8) to base 5.
411332342
What is -11b107 (base 14) in base 7?
-5104410
What is 1304341044 (base 5) in base 11?
1895939
What is -89ab (base 15) in base 3?
-1111000222
Convert 37216525 (base 8) to base 15.
abe73e
What is 630059 (base 10) in base 7?
5232623
What is -1aaed (base 15) in base 13?
-306b8
What is 1ab29b (base 12) in base 2?
1110100000111010111
What is -31468 (base 10) in base 6?
-401404
Convert -313121103302 (base 4) to base 2.
-110111011001010011110010
Convert 5a70b (base 13) to base 9.
272600
What is 21333532 (base 6) in base 5?
130301332
Convert 27210a (base 15) to base 12.
76803a
Convert 67227 (base 9) to base 5.
2412111
What is 31152110 (base 8) in base 16?
64d448
-361a30 (base 11) to base 10
-573573
What is -2122220021 (base 3) in base 8?
-146276
What is -359a35 (base 14) in base 4?
-12333110333
229309 (base 14) to base 11
734973
-200211100 (base 4) to base 11
-912a4
Convert 42100152 (base 6) to base 11.
76430a
What is -2cb033 (base 13) in base 14?
-20c4bd
-6131133 (base 7) to base 14
-15021a
-803345 (base 11) to base 2
-100111011101000001101
-121020000002 (base 3) to base 10
-319304
What is 1424111015 (base 6) in base 4?
1002331021103
-11001101111100011010001 (base 2) to base 6
-400350241
Convert 8b55a (base 13) to base 15.
50200
Convert 11454008 (base 9) to base 4.
111103312133
What is 3103124 (base 5) in base 10?
50414
4662a (base 12) to base 6
2004054
What is 756726 (base 8) in base 7?
2103525
-74c954 (base 16) to base 9
-15354828
Convert -421003040 (base 5) to base 3.
-10021010122202
-400240002 (base 5) to base 3
-2221211100112
-11111100101011100 (base 2) to base 14
-3520c
15204134 (base 6) to base 10
529690
-11374265 (base 8) to base 14
-48ac61
What is -a0c51 (base 13) in base 10?
-287704
Convert -2120110221002 (base 3) to base 4.
-11031320000
What is 3601563 (base 7) in base 2?
1101110111100010110
-12e9d7 (base 16) to base 4
-10232213113
What is -80467 (base 10) in base 8?
-235123
-d57b4 (base 14) to base 16
-7da62
What is -661296 (base 10) in base 7?
-5422656
-5380737 (base 9) to base 12
-b72b81
Convert -21b804 (base 15) to base 14.
-2dc18c
Convert -366715 (base 11) to base 6.
-20232252
1488360 (base 11) to base 10
2543970
Convert 10100410340 (base 5) to base 10.
10169470
What is -1320124344 (base 5) in base 2?
-1100100010010011010000
What is -113032021 (base 4) in base 13?
-343a5
What is -4426945 (base 11) in base 10?
-7768854
-2022101022100 (base 3) to base 9
-2271270
What is 401b5 (base 13) in base 6?
2242213
What is -6013a30 (base 11) in base 12?
-369690b
-223003 (base 7) to base 3
-2000010001
Convert -690c1 (base 13) to base 5.
-22110141
Convert -1a99c (base 14) to base 15.
-15123
3535113 (base 6) to base 4
230320311
644253 (base 7) to base 4
123111102
1020121211012 (base 3) to base 5
132134202
Convert 205c0 (base 13) to base 2.
1110001100001011
What is 10056121 (base 7) in base 12?
34491a
-10002201122 (base 3) to base 4
-32321231
121aa2 (base 12) to base 11
190644
Convert 113121303331 (base 4) to base 2.
10111011001110011111101
-1011111001111001 (base 2) to base 12
-24275
What is 1b1780 (base 12) in base 7?
4035501
What is -11122211221020 (base 3) in base 9?
-4584836
What is 10100100100110101 (base 2) in base 4?
110210311
Convert -3226510 (base 7) to base 5.
-100044143
Convert -10101432 (base 5) to base 7.
-456405
What is -d46a6a (base 14) in base 8?
-33247766
100100100110010011 (base 2) to base 11
a269a
What is 2eb7ed (base 15) in base 10?
2266423
-a9252 (base 11) to base 13
-572ca
What is -357593 (base 12) in base 9?
-1554853
Convert 24156 (base 12) to base 15.
e5e9
Convert -444145150 (base 6) to base 8.
-36525032
Convert 2458208 (base 9) to base 14.
26b7d3
1b401b (base 13) to base 4
2221200010
Convert -1300315150 (base 6) to base 5.
-12334023224
Convert -210532110 (base 6) to base 12.
-1297036
3f199 (base 16) to base 8
770631
What is -1111010101100100011011 (base 2) in base 11?
-22a6737
What is -1302213212 (base 4) in base 15?
-94188
What is -e11bb (base 16) in base 13?
-2638b5
12101011 (base 7) to base 10
1075999
What is -14526666 (base 8) in base 6?
-155104130
330053443 (base 6) to base 2
10110011101000000000011
What is 446323 (base 8) in base 14?
3cd11
-11110011011110111000 (base 2) to base 8
-3633670
Convert 12422212 (base 5) to base 12.
5b520
1014421200 (base 6) to base 9
21812550
What is -3130140 (base 5) in base 15?
-105b5
What is 48eb9 (base 16) in base 9?
504637
-a0019e (base 16) to base 14
-156d6c6
What is 7145652 (base 8) in base 6?
104240442
483955 (base 13) to base 10
1721842
Convert 492562 (base 10) to base 8.
1702022
b5744a (base 12) to base 3
12100222100111
What is -14227e (base 16) in base 3?
-2111001002020
1110101010000010010000 (base 2) to base 13
a46ab3
What is -11133301 (base 5) in base 4?
-120032001
20021032022 (base 4) to base 5
1021304142
What is e34f89 (base 16) in base 5?
12303201113
-20405 (base 11) to base 2
-111010001001011
Convert -341177 (base 8) to base 4.
-130021333
What is 64a5ab (base 15) in base 12?
1732222
What is 100011001000110000 (base 2) in base 12?
6b354
4134515 (base 6) to base 11
126851
Convert -926830 (base 12) to base 5.
-1041330031
107c7f (base 16) to base 15
1651ec
What is -223327 (base 9) in base 6?
-2510511
What is -34564b (base 12) in base 11?
-5233a0
What is 122312210 (base 6) in base 9?
4383426
What is -14401012 (base 5) in base 2?
-100101011010101001
Convert -63072 (base 8) to base 7.
-136204
275223 (base 10) to base 12
113333
13231331222 (base 4) to base 6
111211002
Convert -11240453 (base 6) to base 15.
-6ce70
What is 42215225 (base 6) in base 8?
4544341
Convert 1ef46 (base 16) to base 10.
126790
Convert -60694 (base 12) to base 13.
-450c7
What is 1211383 (base 9) in base 6?
22030203
Convert -2de7 (base 15) to base 13.
-466c
Convert -284a01b (base 13) to base 8.
-60532210
Convert 12112241 (base 5) to base 8.
335446
-5431015 (base 6) to base 3
-111122022102
What is -3000311033 (base 4) in base 8?
-3006517
422857 (base 10) to base 12
184861
What is -906017 (base 10) in base 12?
-378395
What is -330676 (base 11) in base 8?
-2007015
3276064 (base 8) to base 9
1586260
What is 10222261 (base 7) in base 13?
242932
Convert 7c689 (base 13) to base 9.
375856
What is -32752504 (base 8) in base 4?
-122331111010
Convert 10302213323 (base 4) to base 11.
788666
What is -1222261 (base 8) in base 5?
-41241243
-58279 (base 12) to base 4
-130301331
What is 12b52a2 (base 15) in base 8?
63337317
40587 (base 10) to base 7
226221
10121233211 (base 4) to base 5
243412041
35868464 (base 9) to base 10
17524084
What is 1021300144 (base 5) in base 9?
4012782
Convert 109813 (base 14) to base 13.
1699b9
What is 353783 (base 9) in base 13?
75b0a
Convert 3701231 (base 8) to base 9.
1818304
22110211 (base 3) to base 9
8424
What is -2201200111 (base 3) in base 11?
-373a3
Convert 23025556 (base 7) to base 3.
10202221212021
What is -210041113 (base 5) in base 6?
-30250521
560b31 (base 13) to base 12
81a742
-202100123 (base 4) to base 10
-140315
1012302210 (base 5) to base 13
577256
Convert 90781 (base 12) to base 2.
101101110101010001
123115311 (base 6) to base 8
11073333
Convert a2bd66 (base 14) to base 7.
64434456
Convert 20764 (base 13) to base 15.
12477
Convert -5396a (base 13) to base 5.
-14313010
-255689 (base 13) to base 2
-11011011000111011111
What is c215dd (base 15) in base 4?
203022212122
What is -22012030003 (base 4) in base